81. Let z be -9 + -20*(-11)/55. Give j(z).
-4
Let u(l) = l**3 + l**2 - 4*l. Suppose 4*j + 0*j + 688 = -4*y, 4*y = -3*j - 687. Let n = y + 168. What is u(n)?
-6
Let s(j) = j - 1. Let u = -58 - -37. Let m be -1 - -2 - -28 - u/7. Suppose -3*g - 2*r = 23, -4*g - r = 2*r + m. What is s(g)?
-6
Let i(h) = -9*h - 33. Let o be i(-24). Let l = -193 + o. Let b(k) = -k**2 - 12*k - 6. Calculate b(l).
14
Let u(c) = -c**2 - 8*c - 4. Let i be (152/5)/(14/35). Suppose 0 = -5*v + i + 14. Let k = 14 - v. Calculate u(k).
12
Let m = 5300 + -5285. Let k(n) = 10*n - 142. What is k(m)?
8
Let j(d) be the second derivative of -34*d - 2 + 1/3*d**4 - d**3 + 1/20*d**5 + 3*d**2. What is j(-6)?
-30
Let a(q) = -q**3 - 19*q**2 - 5*q - 121. Let w(m) = -2*m**3 + 33*m**2 - 126*m - 19. Let l be w(6). Calculate a(l).
-26
Let x(b) = -7*b**2 - 70*b - 4. Let h be x(-10). Let v(f) = f**3 + 9*f**2 + 20*f + 11. Calculate v(h).
11
Let r(j) = 7*j**2 + 5*j + 3. Let v be (-2 + -1 + -3)*118/236. Calculate r(v).
51
Let r(j) = -j**3 - 21*j**2 - 21*j - 26. Let l be -18 + (-1*(-105)/(-75) - (-6)/(-10)). Calculate r(l).
-6
Let z(c) be the third derivative of -c**8/10080 + c**7/840 + c**5/60 + 13*c**3/6 + c**2 - 3*c. Let x(u) be the third derivative of z(u). Give x(4).
-8
Let a(i) = -9*i**2 + 3*i - 4*i**3 - 13*i - 9*i**3 + 12*i**3 - 12. Suppose 0 = 4*w + n + 30, 14*w - 12*w + n + 14 = 0. Calculate a(w).
4
Let k(m) = -22*m**2 - 3*m + 3. Let x(v) = 27*v**2 + 4*v - 3. Let f(i) = -6*k(i) - 5*x(i). Calculate f(-3).
-24
Let b(k) = -2*k**3 + k + 4. Let x(o) = 13*o**3 - 10*o**2 - 3*o - 38. Let z(i) = -6*b(i) - x(i). Determine z(10).
-16
Let w(u) = -3*u**2 + 9*u - 26. Let g(r) = -16*r**2 + 49*r - 130. Let x(k) = 2*g(k) - 11*w(k). Calculate x(0).
26
Let y(m) = m**3 + 6*m**2 - 10*m - 14. Let g be y(-7). Suppose 3*d + g = 10. Let i(v) = -20*v - 17*v - 17*v + 48*v - d. What is i(1)?
-7
Suppose 0 = 5*v - 4*b - 62, v = b + 85 - 73. Let g(l) = -2*l + 48. Give g(v).
20
Let s = -13 - -2. Let j(l) = 3*l**3 + 16*l**2 + 2*l + 14. Let w(p) = -2*p**3 - 5*p**2. Let q(x) = -j(x) - w(x). What is q(s)?
8
Suppose 2*i - 1 - 3 = 0. Let f(j) = -i - 2 + 0 - 3*j. Let u(d) = -d**2 - 246*d + 12757. Let k be u(44). Calculate f(k).
5
Let i(v) = -32*v - 85. Let p(q) = 73*q + 174. Let r(f) = 14*i(f) + 6*p(f). Determine r(-15).
4
Let b(s) be the first derivative of -s**4 + s**3/3 - 3*s - 2578. Give b(2).
-31
Suppose -5*x + 109 = 3*v, -5*v = x + 7 - 42. Let z = 55 - x. Let b = z + -31. Let y(r) = r**3 - 4*r**2 - 2*r + 5. Calculate y(b).
-3
Let n(a) = -a + 3415*a**2 - 6809*a**2 - 19 + 3395*a**2 + 4*a. Calculate n(-6).
-1
Let g = -154 + 153. Let a be (-3410)/(-385) + g/(-7). Let b(x) = -x**2 + 8*x + 4. What is b(a)?
-5
Suppose -3*t - l + 12 = t, 0 = 5*l. Let u(p) = p + 4*p + 0*p. Let i(w) = 14*w. Let d(g) = -3*i(g) + 8*u(g). Calculate d(t).
-6
Let k(i) = -121*i**2 + 43*i**2 + 33*i**2 + 4 + 6 + 46*i**2 + 8*i. Give k(-9).
19
Let r(u) = -6*u**2 - 4*u + 8. Let q(k) = 3*k**2 + 3*k - 5. Let t(a) = -9*q(a) - 5*r(a). Calculate t(3).
11
Let t(q) = -4*q**3 + 10*q**2 - 3*q + 5. Let s(z) = 2*z**3 - 8*z**2 + z - 4. Let j = -524 - -526. Let c(n) = j*t(n) + 3*s(n). What is c(-2)?
4
Let r(p) = p**2 + 14*p + 19. Suppose 0 = -50*j - 330 - 120. Calculate r(j).
-26
Let v(n) = 2*n + 22. Let k(z) = z**2 + 23*z - 22. Let x be k(-24). Suppose -2*d - 15 = d + 4*o, -o - 15 = x*d. What is v(d)?
4
Let p(j) = 7 - 8*j**2 - 6 + 12. Let o(a) = -2*a**2 + 3. Let c(d) = 9*o(d) - 2*p(d). Suppose -6*x = -2*g - 2*x + 16, -3*x - 15 = 0. Determine c(g).
-7
Let j(p) = -57*p + 53. Let y(r) = -15*r + 1. Let g(f) = -j(f) + 3*y(f). What is g(4)?
-2
Let k(r) = -r**2 + r + 1. Let f be k(2). Let j be 1 + -1 + (-1 - f). Let o(b) = -9*b - 926. Let c(n) = 5*n + 528. Let y(x) = 7*c(x) + 4*o(x). Determine y(j).
-8
Let q(v) be the third derivative of -v**5/120 - 5*v**4/12 + 27*v**3/2 - 50*v**2. Let h(z) be the first derivative of q(z). Calculate h(-4).
-6
Let z = -149 - -149. Let a(v) = v**2 + 10*v - 6. Let p be a(z). Let x(i) = i**2 - i - 7*i**2 - 5*i**3 - 7 + 4*i**3. What is x(p)?
-1
Let v(j) = -22*j**3 + 3*j**2 - 1. Let n be v(1). Let u = -17 - n. Let r be 2*(15/(-6) + u). Let a(i) = -4*i. Give a(r).
-4
Suppose 2*q + 12*w = 17*w + 45, 0 = -q - 3*w - 5. Let g(t) = 7 - 3*t + 2*t**3 + 0*t**3 + t**2 + 8 - q - 4*t**3. What is g(2)?
-13
Let n be -2*(-4)/96 + 3270/(-360). Let r(c) = -c - 30. What is r(n)?
-21
Let o(a) = 2*a**3 - 2*a**2 + 5*a + 7. Let f be o(-1). Let j(t) = -4*t**2 - 3*t - 1. Give j(f).
-11
Let c be (-4)/((-12)/(-45))*(-4)/6. Suppose 5*z + s = 9, -4*z - 2*s = -8*z + c. Let a(p) = -2*p**3 + 3851*p**z + 3*p**3 + 2*p - 4 - 3844*p**2. Calculate a(-7).
-18
Let x(l) = -2*l + 4. Let c = 98 + -79. Suppose -108 = g - c*g. Calculate x(g).
-8
Let c(t) = -t**2 + 2*t + 2. Let o be (-12)/(-84)*(-1 - -22). Suppose -2 = -o*q + 2*k, 7*q - 2*q = -k - 14. Determine c(q).
-6
Suppose 21*c - 260 + 29 = 0. Suppose -c = -2*h - 5*q, 3*h - q - 59 = -17. Let d(k) = -k + 10. What is d(h)?
-3
Let d(f) = -5*f**2 + 24*f - 37. Let g(n) = -19*n**2 + 96*n - 146. Let v(w) = 15*d(w) - 4*g(w). Calculate v(21).
-34
Suppose 27 = 5*a + 17. Let i(p) = 2*p - p + 278 - 269 + 7*p**a + p**3. Calculate i(-7).
2
Let s(p) = -12*p**3 + 2*p**2 - p + 4. Suppose -3775 + 3909 = 67*y. Give s(y).
-86
Let z(j) be the second derivative of -j**5/60 + j**4/3 - 3*j**3/2 + 143*j**2 + 302*j. Let p(v) be the first derivative of z(v). What is p(5)?
6
Let v(l) = -l**3 - 5*l**2 - 6*l - 6. Suppose -6 = -d - 15. Let o(f) = -2*f**2 - 19*f - 13. Let g be o(d). Let i be (2/g)/(1/8 - 0). Give v(i).
2
Let i(p) = p + 3. Let u be 30/14 + (-28)/196. Suppose u*l = -0*l - 2*l. Calculate i(l).
3
Let m(d) = -d**3 - d**2 - 11*d + 4. Let h = 84 + -89. Let u be m(h). Let z(o) = -8*o - u*o**2 + o**3 - 159*o**2 + 9 + 312*o**2. What is z(7)?
2
Suppose -5 = -12*y + 19. Let d be 344/(-12) + y/3. Let i = -20 - d. Let g(x) = x**2 - 9*x - 7. Give g(i).
-15
Let d(w) be the first derivative of 4*w**3/3 - 3*w**2 - 9*w + 3991. What is d(-2)?
19
Let d(o) be the second derivative of o**5/20 + 13*o**4/12 + 13*o**3/6 + 640*o. Give d(-12).
-12
Let s(g) = 2*g**2 - 26*g + 75. Let h = 22631 + -22627. What is s(h)?
3
Let f(t) = -t**3 + 3*t**2 - t - 4. Let b be f(3). Let m(u) = 149 + 185 - u - 521 + 182. Calculate m(b).
2
Let n(p) = -100*p - 8*p + 107*p - 1. Suppose -5*t + 6 = -2*t. Calculate n(t).
-3
Let z(q) be the second derivative of -3*q**3/2 - 48*q**2 + 115*q. What is z(-12)?
12
Let p(t) = -t**3 - 4*t**2 + 2*t - 3. Let o(b) = 2*b**2 + 16*b + 19. Let a be o(-11). Suppose y + 3*x = -a, 2*y - x + 172 = 23. Let g = y + 72. What is p(g)?
-11
Let n = -294 + 291. Let t(r) = 10*r**3 + 3*r**2 - 4*r - 10. Let g(y) = -3*y**3 - y**2 + y + 3. Let h(v) = 7*g(v) + 2*t(v). Determine h(n).
22
Let s(h) = h**3 - 6*h**2 + h + 2. Let n = 34772 + -34767. What is s(n)?
-18
Let p(y) = y**2 + 5*y - 8. Suppose 1 + 3 = 2*n. Suppose 4 = 5*x - x + n*q, -2*q = -4*x - 4. Suppose x = -6*i + 3*i - 21. Calculate p(i).
6
Let k(i) = i**2 - 9*i + 4. Let l(z) = 22*z - 32. Let v be l(5). Suppose 30 = -v*b + 84*b. Calculate k(b).
-16
Let x(g) = 7*g**2 - 103*g - 24. Let v be x(15). Let i(h) = -19*h + 37. Let r(j) = -9*j + 16. Let l(s) = v*i(s) - 13*r(s). What is l(-12)?
-22
Suppose 12*m + 13*m = 150. Suppose -3*a + 15 = 0, -4*g - 2*a = -m*g - 24. Let d(z) be the second derivative of -z**3/6 - 7*z**2/2 - z. Calculate d(g).
0
Let c(d) = 5*d**2 + 426*d + 909. Let n be c(-83). Let l(v) be the third derivative of v**5/30 + v**4/24 - v**3/2 + v**2. Calculate l(n).
25
Suppose 0 = -31*h + 26 + 138 + 177. Let p(m) = -6*m**2 + 67*m - 3. Calculate p(h).
8
Let p(t) be the second derivative of -19*t**2/2 - 145*t. Let a(d) = d - 38. Let y(i) = 2*a(i) - 5*p(i). Calculate y(-9).
1
Suppose 2*i + 2*g = 10, -2*i - 5*g = -2*g - 10. Let w(f) be the first derivative of 7 - 3/2*f**2 - i*f. What is w(-4)?
7
Let u(g) = 9 + 14*g**3 + g - 20*g**2 - 8*g**3 - 3 - 5 - 8*g**3. Give u(-10).
-9
Let s(u) = 4*u**2 - 16*u + 12. Let y(x) = -67*x - 3 - 76*x + 147*x - x**2. Let g(m) = -2*s(m) - 9*y(m). Determine g(3).
0
Suppose 72*p - 62*p - 2150 = 0. Let s(v) = v**2 + p + 215 - 432. Suppose z - 4*y = -z - 4, -2 = z + 5*y. Give s(z).
2
Let z(d) be the second derivative of -5 + 2*d - 2*d**2 + 1/6*d**4 + d**3. What is z(-5)?
16
Let y(m) = m - 5*m - 2 + 